{"id":9,"date":"2008-10-20T15:08:25","date_gmt":"2008-10-20T13:08:25","guid":{"rendered":"http:\/\/www.blogbbmontessori.com\/?page_id=9"},"modified":"2015-01-07T17:05:27","modified_gmt":"2015-01-07T15:05:27","slug":"qui-suis-je","status":"publish","type":"page","link":"https:\/\/www.blogbbmontessori.com\/?page_id=9","title":{"rendered":"Qui sommes-nous ?"},"content":{"rendered":"<p>Ce blog a \u00e9t\u00e9 cr\u00e9\u00e9 en 2008 par une \u00e9ducatrice et formatrice en p\u00e9dagogie <a href=\"http:\/\/montessori.fr\">Montessori<\/a>.<\/p>\n<p>Les contributeurs\/rices de ce blog sont EXCLUSIVEMENT des professionnels exp\u00e9riment\u00e9s de la petite enfance ayant des notions de base en p\u00e9dagogie Montessori et Pikler.<\/p>\n<p>L&rsquo;objectif de ce blog est de partager gratuitement, les principes philosophiques et \u00e9ducatifs de Maria Montessori (1870-1952) et de Emmi Pikler (1902-1984) afin d&rsquo;aider les familles dans l&rsquo;\u00e9ducation humaine de leur b\u00e9b\u00e9.<\/p>\n<p>&nbsp;<\/p>\n","protected":false},"excerpt":{"rendered":"<p>Ce blog a \u00e9t\u00e9 cr\u00e9\u00e9 en 2008 par une \u00e9ducatrice et formatrice en p\u00e9dagogie Montessori. Les contributeurs\/rices de ce blog sont EXCLUSIVEMENT des professionnels exp\u00e9riment\u00e9s de la petite enfance ayant des notions de base en p\u00e9dagogie Montessori et Pikler. L&rsquo;objectif de ce blog est de partager gratuitement, les principes philosophiques et \u00e9ducatifs de Maria Montessori [&hellip;]<\/p>\n","protected":false},"author":2,"featured_media":0,"parent":0,"menu_order":0,"comment_status":"open","ping_status":"open","template":"","meta":{"jetpack_post_was_ever_published":false,"footnotes":""},"class_list":["post-9","page","type-page","status-publish","hentry"],"jetpack_sharing_enabled":true,"jetpack_shortlink":"https:\/\/wp.me\/Pm9U2-9","_links":{"self":[{"href":"https:\/\/www.blogbbmontessori.com\/index.php?rest_route=\/wp\/v2\/pages\/9","targetHints":{"allow":["GET"]}}],"collection":[{"href":"https:\/\/www.blogbbmontessori.com\/index.php?rest_route=\/wp\/v2\/pages"}],"about":[{"href":"https:\/\/www.blogbbmontessori.com\/index.php?rest_route=\/wp\/v2\/types\/page"}],"author":[{"embeddable":true,"href":"https:\/\/www.blogbbmontessori.com\/index.php?rest_route=\/wp\/v2\/users\/2"}],"replies":[{"embeddable":true,"href":"https:\/\/www.blogbbmontessori.com\/index.php?rest_route=%2Fwp%2Fv2%2Fcomments&post=9"}],"version-history":[{"count":20,"href":"https:\/\/www.blogbbmontessori.com\/index.php?rest_route=\/wp\/v2\/pages\/9\/revisions"}],"predecessor-version":[{"id":10122,"href":"https:\/\/www.blogbbmontessori.com\/index.php?rest_route=\/wp\/v2\/pages\/9\/revisions\/10122"}],"wp:attachment":[{"href":"https:\/\/www.blogbbmontessori.com\/index.php?rest_route=%2Fwp%2Fv2%2Fmedia&parent=9"}],"curies":[{"name":"wp","href":"https:\/\/api.w.org\/{rel}","templated":true}]}}